 - -410. What is the greatest common divisor of 91 and a?
13
Let j = -14 - 28. Let m = -52 - j. Let u(s) = s**3 + 9*s**2 - 11*s - 1. Let b be u(m). Calculate the greatest common divisor of b and 3.
3
Let y = -2 - 0. Let l(q) be the third derivative of q**4/24 + 5*q**3/6 - 112*q**2. Let t be l(y). Calculate the greatest common factor of 12 and t.
3
Let d be (-22)/(-88)*47*20. Calculate the greatest common factor of d and 3149.
47
Suppose 414*t - 653747 = 1261003. Calculate the greatest common factor of t and 2405.
185
Let u be 1/1*21/(-7). Let m(s) = -s**2 - 6*s - 1. Let k be m(u). Suppose 135 + 25 = 20*g. What is the highest common divisor of g and k?
8
Let h(w) = -w**3 - 6*w**2 - 9*w + 7. Let c be h(-5). Suppose 2*v + 2*l = 432 + 436, -3*l + 6 = 0. What is the highest common divisor of v and c?
27
Suppose -45 = -2*v + i, 5*v + 4*i = -19 + 99. Suppose -2603 = 18*f + f. Let q = f + 147. What is the highest common factor of v and q?
10
Suppose -i + 17 = 2*z - 17, 5*i + 3*z - 156 = 0. Let q be (972/i)/((-12)/20 + 1). Suppose -2*u = -6 - 12. What is the highest common divisor of u and q?
9
Let k = -4313 - -4513. What is the greatest common divisor of 3150 and k?
50
Suppose 17*i = 5*v + 22*i - 1175, -4*v = -5*i - 904. Let h be (4 - 13)*(-2)/3. Suppose 0 = -h*w + 2*w + 84. What is the highest common factor of v and w?
21
Let q(p) = -2*p + 39. Let y be q(18). Suppose -y*a + 2*a = -363. Calculate the greatest common divisor of a and 33.
33
Suppose 0 = -2*r + 2*u - 978, -4*r - 410 - 1564 = 2*u. Let c = -156 - r. Calculate the greatest common factor of c and 96.
48
Let o be (9/(-2) + 4)*-6 + -41. Let b = 53 + o. What is the highest common divisor of b and 12?
3
Let l(a) = -55*a + 27. Let r be l(-2). Suppose -r*i - 7722 = -155*i. What is the highest common divisor of i and 66?
33
Let f = -191 - -471. Let o(a) = -4*a**2 + 82*a - 2. Let s be o(19). What is the highest common divisor of f and s?
56
Suppose 3*t + 10 = -5*n, -4*t + 40 = n - 5*n. Suppose 6*b - t*b - 78 = 0. Let s = -52 + b. What is the greatest common factor of s and 65?
13
Suppose 14938 = 387*a + 292*a. What is the greatest common factor of 25058 and a?
22
Let v(c) = -2*c**3 - 3*c**2 - 3*c + 3. Let l be v(-3). Let f = 5 + 8. Let k = l - f. Calculate the greatest common divisor of 286 and k.
26
Let b(y) = -88*y - 3334. Let j be b(-38). Let z(m) = -m**3 - m**2 + 6*m. Let o be z(-5). Calculate the highest common divisor of o and j.
10
Suppose 0 = -2*c - 2*j + 12376, 5*c + 2*j + 5781 - 36697 = 0. What is the greatest common factor of 24 and c?
12
Let n = 9649 - 8952. What is the greatest common divisor of 34 and n?
17
Let p = 569 + 238. Suppose -9*k + p = -4*k + o, k + o = 159. Calculate the highest common factor of 6 and k.
6
Suppose -3*b - 2*u + 6 = 0, 3806 - 3800 = -u. Suppose 0*g - 382 = -3*g + 2*h, -2*g - h = -250. What is the highest common divisor of b and g?
6
Suppose 87 + 942 = 7*d. Suppose -7*k = -d + 21. Suppose -5*g + 0*g - 11 = -4*o, 4*o = -2*g + k. What is the highest common factor of g and 11?
1
Suppose 0 = n - 5*s - 44, 0 = 3*n - 2*s - 50 - 69. Suppose 0 = -15*o + n + 66. Calculate the highest common factor of 203 and o.
7
Suppose -2 = -3*r + 4, 3*b + 5*r - 10 = 0. Suppose 0*u - u = b. Suppose u*f = 6*f - 12. What is the greatest common divisor of f and 18?
2
Suppose 0 = 2*n - 3 + 11. Let w be (n/4 - -1) + -49. Let r = w - -73. Calculate the highest common factor of r and 12.
12
Let r be (1 + -28 + 2)*(-32 + -7). Suppose 207 = -24*b + r. Calculate the highest common divisor of 352 and b.
32
Suppose -3*p + 111 = r + 30, -3*r - 3*p = -273. What is the greatest common divisor of r and 102?
6
Suppose 0 = j - 4*n - 8987 + 288, 0 = 4*j + 6*n - 34620. Calculate the greatest common factor of 749 and j.
107
Let a be (-24)/204 - (-70)/17. Suppose -a*d + 1300 = 9*d. Let y(v) = 9*v + 4. Let z be y(4). What is the greatest common factor of z and d?
20
Let a(c) = 620*c + 5667. Let p be a(-9). Calculate the greatest common factor of p and 2059.
29
Suppose 2*k - 694 = -q, -670 = 138*q - 139*q + 2*k. Calculate the greatest common divisor of 319 and q.
11
Suppose -14*c + 7*c + 1890 = 0. Suppose m - 3*v - 278 = -0*m, v = -m + c. Calculate the greatest common divisor of m and 34.
34
Let z = 943 - 428. Let t = z - 317. Suppose -5*f - 25 = 0, 2*j + 4*f = -f + 19. Calculate the highest common factor of j and t.
22
Suppose -18314 = 48*d - 52010. What is the highest common factor of d and 108?
54
Let l = -183 + 533. Calculate the greatest common divisor of l and 14.
14
Suppose -6*j + 815 = 305. Let r be j/(-15)*-6 - -3. Calculate the greatest common divisor of r and 592.
37
Let z = -677 - -673. Let d(m) = -5*m**3 + 10*m + 8. Let i be d(z). Calculate the highest common factor of 72 and i.
72
Let h = -2757 + 3137. Calculate the greatest common divisor of h and 684.
76
Suppose 0 = -5*p, f - 5*p = -2*p + 18. Let j = 15327 - 14904. What is the highest common divisor of f and j?
9
Let c = 1 + 13. Suppose -14 = 3*p - 0*p - 2*d, 4*p = 3*d - 20. Let x be 94 + (-3 - p) + 5. What is the greatest common factor of c and x?
14
Let l be -129*(-10 - 6) + 7. What is the greatest common factor of l and 218?
109
Suppose 0 = -343*x + 336*x. Suppose -4*q + 104 = -5*p - 5336, -3*q + 3*p + 4080 = x. What is the highest common divisor of 20 and q?
20
Suppose -2*m + 108 = 100. Let c be 48 + (5/1 - m) + -1. Calculate the greatest common divisor of c and 48.
48
Let i be (-751 + 2)/(-1)*(-5 - (-171)/21). What is the highest common factor of i and 321?
107
Suppose 116*p = 118*p - 836. Calculate the highest common factor of p and 152.
38
Suppose -45*d + 1780 + 110 = 0. What is the highest common factor of 147 and d?
21
Let s(p) be the first derivative of -16 + p + 7/3*p**3 - 3/2*p**2 + 1/4*p**4. Let l be s(-7). What is the greatest common divisor of 154 and l?
22
Suppose -11*g - 443 = -9*g - 3*n, -3*g - 687 = 3*n. Let y = 324 + g. What is the highest common divisor of 245 and y?
49
Let p be (-1)/(-5*(914/(-305) - -3)). Calculate the greatest common factor of p and 488.
61
Let k(a) = 170*a + 512. Let t be k(-2). Suppose 3*w = -3, -2*x - 2*w - 20 = -104. Calculate the highest common factor of t and x.
43
Suppose -4*f + 72*q - 67*q = -191, 5*f = -5*q + 205. What is the greatest common divisor of f and 847?
11
Suppose 4*z = 2*c - 938, 4*z - 3*z = -4*c - 230. Let d = 270 + z. Calculate the highest common divisor of 60 and d.
12
Suppose -3*p = 30 + 72. Let s be (-1139)/p - (-1)/(-2). Suppose 3*h + v = s, 0 = 3*v - 9. What is the greatest common factor of 50 and h?
10
Suppose -172 = -x + 5*z, 2*z + 62 - 248 = -x. Let y = 336374 - 336296. Calculate the highest common divisor of y and x.
26
Let m = 139 - 301. Let u = m - -164. Calculate the greatest common divisor of u and 14.
2
Let x(n) = -22*n**3 + 20*n**2 - 26*n - 82. Let l be x(-9). What is the greatest common divisor of 130 and l?
130
Suppose -184 - 1559 = -83*b. Let d = 11 - -3. What is the greatest common factor of d and b?
7
Let q = 1468 + 2055. What is the highest common factor of 13 and q?
13
Suppose 2*y - 472 = 4*r, -937*y + 3*r + 904 = -933*y. Suppose 0 = -4*q - 3*a + 38, 0 = 4*q - a - 2*a - 50. Calculate the greatest common factor of q and y.
11
Suppose 657 - 1353 = -12*o. Calculate the highest common factor of 3509 and o.
29
Suppose 2*k - 19 = 3*z, 3*k - 7 = 5*z + 23. What is the highest common factor of k and 214?
1
Let n be (279/27)/(1/(-3)) + 0. Let t = n + 56. Let g = 6 + t. What is the greatest common divisor of 217 and g?
31
Let v be (-35)/(-4) - (-8)/32. Suppose -4*u + 174 = -2*i, 2*i = -4*u - 0*i + 186. Let g be (-2)/3 - (-3270)/u. Calculate the highest common factor of g and v.
9
Let l be -10*-1*1*3. Let t(k) = 92*k**2 + 4*k - 6. Suppose 9*i - 8 = 1. Let r be t(i). Calculate the greatest common factor of r and l.
30
Let h be 517/7 - (-2)/14. Let t = -38 + h. Calculate the highest common divisor of t and 12.
12
Let u(c) = 27*c**3 + 17*c**2 - 2*c + 80. Let w be u(8). What is the highest common divisor of 234 and w?
234
Let g = -151 - -226. Suppose 0 = 5*y - 7*v + 9*v - 73, 4*y + 3*v - 57 = 0. Calculate the greatest common divisor of y and g.
15
Let j(i) be the second derivative of 10*i**3/3 - 35*i**2/2 - 159*i. Let q be j(23). What is the highest common factor of 17 a